and 8?
8
Suppose 30 = -o + 4*o + 3*b, 0 = -o + 3*b + 10. Calculate the greatest common factor of o and 100.
10
Let g(h) = 18*h**3 - h**2 - 4*h + 5. Let y(m) = m**3 - m + 1. Let o(v) = g(v) - 5*y(v). Let w be o(1). What is the highest common factor of w and 13?
13
Let u(o) = 38*o + 2. Let z = -5 + 10. Let b be u(z). What is the highest common factor of b and 24?
24
Suppose 2*m = -2*j + 130, 139 = 2*m + 4*j + 7. Let x = 13 + -8. Suppose 41 = z + 5*r, 2*r = 3*z + x*r - 63. Calculate the greatest common factor of z and m.
16
Let d(b) = 3*b**3 + 4*b**2 + 3*b + 2. Let i be d(-2). Let h(x) = -4*x + 6. Let u be h(i). Calculate the highest common factor of u and 6.
6
Let r(p) = 161*p**2 - 1. Let q be r(-1). Calculate the greatest common divisor of q and 20.
20
Suppose -2*g - 30 = -5*g + 5*j, -j = 4*g - 17. Suppose 0 = g*y - 2*y - 264. Calculate the highest common factor of 11 and y.
11
Suppose -7*r = -21*r + 434. Suppose -3*l - 6 = -378. What is the greatest common divisor of l and r?
31
Let v be 10/(-25)*85*-1. Let x = -13 + v. Let w(m) = 28*m. Let z be w(3). What is the greatest common factor of x and z?
21
Suppose 0*v + 21 = 4*n + v, -3*n + 3*v = -12. What is the greatest common factor of n and 40?
5
Let t be 0 + -1 - (6 - 3). Let u be -5*(t - (-1)/1). Calculate the greatest common divisor of u and 5.
5
Let p be 2/7 + 1130/14. What is the greatest common divisor of 27 and p?
27
Suppose -4*s + 76 = 8. Let w = -13 + s. Let z(q) = -q**2 - 4*q + 1. Let c be z(-3). Calculate the greatest common divisor of w and c.
4
Let f(l) be the third derivative of l**4/24 + 2*l**3/3 + 2*l**2. Let r be f(4). Calculate the greatest common divisor of 16 and r.
8
Let g be (-5)/((-10)/98) + 2. What is the greatest common factor of g and 34?
17
Let w be ((-90)/24)/((-3)/8). Calculate the highest common factor of 230 and w.
10
Let v be (-2)/(-5)*(-480)/(-8). What is the greatest common factor of 264 and v?
24
Let n(w) = -w**2 + 12*w + 7. Let p be n(10). What is the highest common divisor of 54 and p?
27
Let i be (-2 - -5)*(-122)/(-6). What is the highest common divisor of 427 and i?
61
Let z be 84*((-12)/(-9) - 0). What is the greatest common factor of 7 and z?
7
Suppose -5*d - r = -22, 0 + 6 = -2*r. Suppose 0 = 3*w + d - 32. Calculate the greatest common factor of w and 9.
9
Let c(x) = 15*x - 13. Let q be c(5). What is the highest common factor of q and 62?
62
Suppose 7*x = -x + 192. Let n = 19 + -11. What is the highest common divisor of n and x?
8
Let w be 18/45 - 68/(-5). What is the highest common factor of w and 21?
7
Suppose -5 = 2*b - 15. Suppose 2*d - b*i - 24 = -0*i, -d + 12 = 5*i. Calculate the highest common divisor of 30 and d.
6
Let o = 18 - 12. What is the highest common factor of o and 42?
6
Suppose 3*r = p + 13, -15 = -3*r - 2*r + 5*p. Let i be 11*(-1 + 2 + r). What is the highest common divisor of i and 6?
6
Suppose 0 = -v + 9 + 13. What is the greatest common divisor of 22 and v?
22
Let u(o) = -o**3 - 13*o**2 - 16*o - 8. Let j be u(-12). Let l be 2/15*-3*5. Let y be (l/5)/(1/(-20)). Calculate the highest common factor of j and y.
8
Let j(y) = -2*y - 8. Let s be j(-18). What is the greatest common divisor of s and 4?
4
Suppose 3*s - 5*s = 32. Let d be (s/24)/(2/(-45)). Calculate the greatest common divisor of d and 15.
15
Let m be -8 + 5 - -2*3. Suppose -5 = -v, -63 = -m*y - 5*v + 10. Let d = 7 - -9. Calculate the greatest common factor of y and d.
16
Let o(k) = -6*k - 1. Let n be o(-3). Calculate the greatest common factor of n and 51.
17
Suppose 0 = -2*f + f + 15. What is the highest common divisor of 5 and f?
5
Suppose 2*p = 12 + 18. What is the greatest common divisor of 15 and p?
15
Let o(z) = 3*z**2 + 3*z. Let n be o(5). Let p(c) = c + 9. Let s be p(9). What is the highest common factor of s and n?
18
Suppose 6*p - 225 = p. What is the greatest common factor of 18 and p?
9
Let d(f) = 2*f - 8. Let x be d(5). What is the highest common factor of x and 16?
2
Let p(u) = -20*u + 4. Let t be p(-3). Let h = -15 + t. Suppose -q = -2*q + h. What is the highest common factor of 7 and q?
7
Suppose 0 = -3*u - 0*z - 2*z - 15, -4*u - z = 15. Let p be (-16 - -1)/(u/4). Calculate the highest common factor of 4 and p.
4
Suppose 0 = 5*h - 3*h - 6. Suppose -h*j + 49 = 1. Suppose -j = 3*f - 7*f. Calculate the highest common factor of f and 8.
4
Let q = -23 - -39. Calculate the greatest common factor of 32 and q.
16
Let o be ((-1)/4)/((-2)/8). Let w be 3*-2*(-3)/o. Let t(q) = -q**2 + 6*q + 1. Let z be t(5). What is the greatest common divisor of w and z?
6
Let f be 2*-15*(-4)/5. Let u = -10 - -16. Let g be (-3)/(-9) - (-214)/u. What is the highest common divisor of f and g?
12
Suppose 7*l = 21 + 63. Calculate the greatest common divisor of l and 36.
12
Suppose -2*n = -4*n + 8. Suppose -3*t - n + 1 = 0. Let r be ((-42)/6)/(t/2). Calculate the greatest common factor of 126 and r.
14
Let f be 1*(-3 + 0) + 3 + 20. Calculate the highest common factor of 140 and f.
20
Let p(q) = q**2 + 3. Let r be 0 + 0*2/6. Let n be p(r). Suppose 28 + 2 = n*j. Calculate the highest common factor of 15 and j.
5
Suppose 4*i = -2*t + 8*i + 12, -3*t = 3*i - 45. What is the greatest common factor of t and 16?
4
Suppose 2*t + 3*v - 10 = 0, -t + 2*v + 1 = 3. Suppose 0 = t*x + 3*x - 5. Suppose x = d - 10. What is the highest common divisor of d and 121?
11
Let q(s) be the third derivative of 5*s**5/12 + s**4/24 - 2*s**2. Let v be q(-1). What is the highest common divisor of v and 16?
8
Suppose -2*k + k = 4*h - 189, -3*h + 113 = -5*k. Calculate the greatest common factor of 138 and h.
46
Suppose t - 3*m + 4 = -3*t, 2*t - 8 = -m. Let n(r) = -r + 1 + 2*r**2 - r**3 + 4*r**3 - 4*r**2. Let v be n(t). What is the greatest common divisor of 15 and v?
15
Let q(p) = p - 1. Let z be q(3). Let k be 2/5 + (-244)/10. Let a = -6 - k. Calculate the greatest common factor of z and a.
2
Let i be 134/4 + (-5)/(-9 + -1). What is the highest common factor of i and 17?
17
Let j = -115 + 215. Calculate the greatest common factor of 20 and j.
20
Let t = -2 + 12. Let l = -6 + t. Let a(s) = s**2 + 12*s + 12. Let v be a(-11). Calculate the highest common factor of l and v.
1
Let o(w) = 0*w**2 + 4*w**2 + 0*w**2 + 6*w + 1 - w**2. Let l be o(-4). What is the greatest common factor of l and 200?
25
Let c = 203 + -182. Let j be ((-56)/(-10))/((-2)/(-60)). What is the highest common divisor of c and j?
21
Let j(s) = -17*s**3 + 2*s**2 + s. Let w be j(-1). What is the greatest common divisor of w and 12?
6
Suppose -2*o - 5*r + 3 = 0, -2*r - r + 17 = 5*o. Suppose o*u - 216 - 8 = 0. Let q = 14 + -6. What is the greatest common factor of q and u?
8
Let g be (-2)/2 + (-5 - 29). Let f = 59 + g. Calculate the highest common divisor of 72 and f.
24
Let u = 184 - 88. What is the highest common divisor of 240 and u?
48
Suppose 10 = 3*p + 2*p. Suppose 4*n - 5 = 3. What is the highest common divisor of n and p?
2
Let w(p) = p**3 - 7*p**2 - 5*p - 17. Let s be w(8). Let k be 58/1 - 1*2. What is the greatest common divisor of k and s?
7
Let t be (-2)/(((-15)/6)/5). Let m be (2/t)/(2/(-4)). Let y = m - -3. What is the highest common factor of 2 and y?
2
Suppose 4*d + 7 = -4*b + 19, 4*b = -5*d + 19. What is the highest common divisor of d and 1?
1
Suppose -3*p + 104 = x, -p + 4*x + 30 = -9. Calculate the highest common factor of p and 7.
7
Let m be -20*(-6)/(2 - -1). What is the greatest common factor of 10 and m?
10
Let a = 47 + -25. Let x(i) = -i**3 - 5*i**2 + 6*i - 1. Let l be x(-7). What is the greatest common factor of a and l?
11
Let d(h) = 135*h**3 + h**2. Let f be d(-1). Let k = f + 299. Suppose -3*m + m = -30. What is the greatest common factor of m and k?
15
Let g be 51 - 9/(-3) - 0. Let u = g - 38. What is the greatest common factor of u and 16?
16
Suppose -2*k = -k. Suppose 4*l - 40 + k = 0. Calculate the greatest common factor of l and 10.
10
Let n = 20 + -17. Suppose g - 3*r = 5, -5 = -2*g + n*r + 8. Calculate the highest common divisor of g and 12.
4
Let z(f) = -f + 8. Let y be z(0). Suppose -5*n + y = -n. Suppose 5*s = 3*h - 4, -n = -2*h + 4. What is the highest common divisor of s and 4?
1
Suppose -3*d + 384 = -2*j, 9 = 3*j - 0*j. Let f = 35 - 22. Calculate the highest common divisor of d and f.
13
Let m be 1 - 4 - (-3 + 1). Let